What is the greatest common divisor of 20 and 33340?
20
Calculate the greatest common divisor of 266 and 42.
14
Calculate the greatest common divisor of 170 and 3230.
170
Calculate the greatest common factor of 60 and 336.
12
Calculate the highest common factor of 19 and 14117.
19
What is the greatest common divisor of 13688 and 590?
118
Calculate the greatest common divisor of 37442 and 386.
386
Calculate the greatest common factor of 78 and 30.
6
What is the greatest common factor of 15 and 735?
15
Calculate the greatest common factor of 3435 and 30.
15
Calculate the highest common divisor of 204 and 18.
6
Calculate the greatest common divisor of 72 and 480.
24
What is the greatest common divisor of 3760 and 160?
80
What is the greatest common factor of 42 and 27174?
42
What is the highest common factor of 162 and 72?
18
What is the greatest common factor of 425 and 225?
25
What is the highest common divisor of 35448 and 24?
24
Calculate the highest common divisor of 147 and 9408.
147
Calculate the highest common divisor of 6 and 354.
6
Calculate the greatest common factor of 226 and 65088.
226
What is the greatest common divisor of 20 and 630?
10
What is the highest common divisor of 90 and 288?
18
What is the highest common divisor of 272 and 80?
16
What is the highest common divisor of 9 and 12?
3
Calculate the greatest common factor of 16614 and 104.
26
Calculate the highest common divisor of 5014 and 552.
46
Calculate the greatest common divisor of 1 and 739.
1
What is the highest common factor of 175 and 14?
7
Calculate the greatest common factor of 814 and 352.
22
What is the greatest common factor of 39762 and 94?
94
What is the greatest common divisor of 480 and 2?
2
Calculate the greatest common factor of 52 and 44.
4
Calculate the greatest common factor of 748 and 136.
68
Calculate the highest common factor of 46 and 2944.
46
What is the greatest common factor of 256 and 1648?
16
Calculate the highest common factor of 4539 and 17.
17
Calculate the highest common factor of 1356 and 12.
12
What is the greatest common factor of 68 and 850?
34
Calculate the highest common divisor of 56 and 8792.
56
What is the highest common divisor of 160 and 416?
32
What is the highest common factor of 748 and 12988?
68
What is the greatest common divisor of 11784 and 24?
24
Calculate the highest common divisor of 37 and 15429.
37
Calculate the highest common factor of 78 and 102.
6
Calculate the greatest common divisor of 24 and 300.
12
What is the greatest common divisor of 36 and 8172?
36
Calculate the greatest common divisor of 121 and 33.
11
Calculate the greatest common factor of 182 and 598.
26
Calculate the greatest common divisor of 129 and 4773.
129
What is the greatest common divisor of 72 and 55332?
36
Calculate the highest common divisor of 1029 and 609.
21
What is the highest common factor of 4469 and 164?
41
Calculate the highest common factor of 69 and 46.
23
What is the greatest common divisor of 10244 and 156?
52
Calculate the greatest common factor of 240 and 15.
15
What is the greatest common divisor of 312 and 728?
104
Calculate the highest common divisor of 494 and 169.
13
Calculate the greatest common factor of 49 and 7301.
49
Calculate the highest common factor of 1125 and 23175.
225
Calculate the highest common divisor of 72 and 153.
9
Calculate the highest common divisor of 28 and 35.
7
What is the greatest common factor of 2976 and 16?
16
What is the greatest common factor of 300 and 1300?
100
Calculate the highest common divisor of 63 and 2772.
63
What is the greatest common factor of 76 and 1900?
76
What is the greatest common divisor of 124 and 186?
62
What is the highest common factor of 140 and 10?
10
What is the greatest common divisor of 1517 and 123?
41
Calculate the highest common divisor of 189 and 225.
9
Calculate the highest common factor of 400 and 50.
50
Calculate the greatest common factor of 88 and 275.
11
Calculate the greatest common divisor of 57 and 3458.
19
What is the highest common divisor of 102 and 90?
6
Calculate the greatest common factor of 74 and 1591.
37
What is the highest common divisor of 3538 and 174?
58
Calculate the greatest common factor of 594 and 6.
6
Calculate the highest common factor of 4 and 2008.
4
What is the highest common divisor of 38 and 4579?
19
What is the greatest common factor of 80 and 580?
20
Calculate the highest common divisor of 222 and 3700.
74
Calculate the greatest common divisor of 450 and 300.
150
Calculate the greatest common divisor of 2555 and 219.
73
What is the highest common divisor of 116 and 48?
4
Calculate the greatest common divisor of 1984 and 1426.
62
What is the highest common factor of 117 and 9243?
117
Calculate the greatest common divisor of 590 and 80.
10
Calculate the greatest common divisor of 2628 and 36.
36
Calculate the highest common factor of 18 and 288.
18
Calculate the highest common divisor of 845 and 325.
65
Calculate the greatest common factor of 14 and 4.
2
Calculate the highest common factor of 496 and 62.
62
What is the highest common factor of 170 and 119?
17
Calculate the greatest common factor of 10 and 5.
5
Calculate the highest common divisor of 16 and 2768.
16
What is the highest common divisor of 176 and 50776?
88
Calculate the greatest common factor of 7 and 6769.
7
Calculate the greatest common divisor of 60 and 480.
60
Calculate the greatest common factor of 328 and 16.
8
Calculate the highest common divisor of 2540 and 8.
4
Calculate the greatest common divisor of 5133 and 348.
87
What is the highest common factor of 39925 and 25?
25
Calculate the greatest common factor of 136 and 4097.
17
What is the highest common factor of 38 and 1178?
38
Calculate the highest common divisor of 15 and 30.
15
What is the highest common factor of 153 and 243?
9
What is the highest common factor of 46842 and 222?
222
Calculate the greatest common divisor of 580 and 1972.
116
Calculate the greatest common factor of 146 and 511.
73
Calculate the highest common divisor of 792 and 72.
72
What is the greatest common factor of 204 and 192?
12
What is the greatest common factor of 8 and 700?
4
Calculate the greatest common factor of 932 and 16.
4
Calculate the highest common divisor of 392 and 28.
28
Calculate the highest common divisor of 558 and 36.
18
What is the greatest common factor of 445 and 5?
5
What is the greatest common divisor of 12615 and 174?
87
What is the greatest common divisor of 12 and 52?
4
What is the greatest common factor of 3180 and 15?
15
Calculate the highest common divisor of 1106 and 28.
14
Calculate the highest common factor of 624 and 1584.
48
What is the greatest common factor of 8432 and 112?
16
Calculate the greatest common divisor of 324 and 13689.
81
What is the highest common divisor of 385 and 20?
5
What is the highest common divisor of 1912 and 32?
8
What is the greatest common divisor of 210 and 720?
30
What is the greatest common divisor of 312 and 1704?
24
What is the greatest common divisor of 1184 and 224?
32
Calculate the highest common divisor of 18 and 114.
6
Calculate the greatest common divisor of 3059 and 1127.
161
Calculate the greatest common factor of 532 and 56.
28
Calculate the greatest common divisor of 9 and 81.
9
What is the highest common divisor of 54 and 54?
54
What is the highest common factor of 99 and 77?
11
Calculate the greatest common divisor of 21240 and 236.
236
Calculate the highest common factor of 3611 and 314.
157
Calculate the highest common divisor of 44 and 836.
44
Calculate the highest common divisor of 39 and 30069.
39
Calculate the greatest common divisor of 72 and 264.
24
Calculate the highest common divisor of 5269 and 22.
11
Calculate the highest common divisor of 342 and 72.
18
Calculate the greatest common divisor of 380 and 40.
20
Calculate the greatest common factor of 15 and 93.
3
Calculate the highest common divisor of 729 and 513.
27
Calculate the greatest common divisor of 70 and 1330.
70
Calculate the greatest common divisor of 247 and 117.
13
Calculate the highest common divisor of 897 and 138.
69
Calculate the greatest common factor of 117 and 312.
39
Calculate the greatest common divisor of 2 and 2398.
2
Calculate the highest common factor of 91